 - 76 = -y*s. Suppose -u + s = u. What is the units digit of u?
0
Suppose -5*s + 68 + 132 = 0. Suppose 5*a + w + s = -2*w, -3*a = -5*w + 58. Let b = -2 - a. What is the units digit of b?
9
Let a(g) = -g - 7. Let x be a(-8). What is the tens digit of (-15)/(-1) - 1 - x?
1
Let n = -86 - -262. What is the tens digit of n?
7
Let f = -5 - -24. What is the units digit of f?
9
What is the units digit of 1 + -24*32/(-4) - 0?
3
Let c be ((-3 - -5) + -3)/1. What is the units digit of ((-1)/(-3))/(c/(-27))?
9
Let f(h) = 2*h - 8. Let k be f(6). What is the tens digit of (22/(-4))/((-2)/k)?
1
Suppose -6*a + 96 = -2*a. What is the tens digit of a?
2
Suppose 3*x - 5 = -14. Let h = x + 2. What is the tens digit of (1*26*h)/(-2)?
1
Suppose -3*q = -2*o + 3*o + 3, o + 6 = -2*q. Let t = 32 + o. Suppose 5*v + 0*v = t. What is the units digit of v?
4
Let f be 6/(-27) + (-20)/(-9). Suppose c + 3 = f*c. Suppose -5*j + 0*j + 46 = -c*r, j - 12 = 2*r. What is the units digit of j?
8
Let l(a) = a**2 + 6*a - 9. Let u be l(-7). Let z be 3 + 2 + 0/u. Suppose z*y - 2*y + 22 = 2*d, 3*y - 6 = 0. What is the tens digit of d?
1
Let z = 18 + -6. Suppose -x - 2*b - 10 = 0, -3*x - b + 2 = z. What is the units digit of 0/(x + 5) - -2?
2
Suppose -24*t + 21*t + 96 = 0. What is the tens digit of t?
3
Suppose 0*a = -z + 2*a + 13, -z = -4*a - 21. Suppose -i - 6 = -4*i. Suppose -36 = -z*f - t, 2*f - 29 = -i*f - t. What is the units digit of f?
7
Suppose 2*c - 3*c + 4 = a, -2*a + 8 = 0. Let x be 240/3 - (1 - 1). Suppose -5*w + c*w + x = 0. What is the tens digit of w?
1
Suppose -m + 7*x = 3*x - 22, 0 = -2*m - x + 8. What is the units digit of m?
6
Let v(p) be the third derivative of -p**4/24 + 3*p**2. Let j be v(-2). Let f = -1 + j. What is the units digit of f?
1
Suppose 0 = -q + 5*v + 10 + 18, 0 = 3*q + v - 4. Suppose q*k = 29 - 8. What is the units digit of 3*(1 - k/(-3))?
0
Let u(x) be the second derivative of -x**3/6 - x**2/2 + 3*x. What is the units digit of u(-8)?
7
Let v(n) = -1. Let z(c) = -c + 8. Let x(o) = -4*v(o) + z(o). What is the units digit of x(5)?
7
What is the hundreds digit of 11/((-55)/(-650)) - 2?
1
Let b = 569 + -339. What is the tens digit of b?
3
Suppose -3 = -u - 7. Let b be u/(1 - 6/4). Suppose 3*r = -b + 44. What is the tens digit of r?
1
Let l = 1 - -217. What is the hundreds digit of l?
2
Let g be 8/(-36) - 1952/(-36). Let a = 90 - g. What is the tens digit of a?
3
Let k(g) = -g**3 + 15*g**2 - 10*g - 10. What is the tens digit of k(12)?
0
Let y(u) = u**3 + 3*u**2 - u - 2. Let b be y(-2). Let t(i) = -b - 3*i - i**2 - 4*i + i. What is the units digit of t(-4)?
4
Let a(n) be the second derivative of 5*n**4/6 + n**3/6 - 3*n. What is the units digit of a(-1)?
9
Let c(p) be the second derivative of 7*p**5/10 - p**3/3 + p**2/2 + p. What is the tens digit of c(1)?
1
Let g = 0 + 3. Suppose 3*b - 42 - 6 = -3*p, 4*p = g*b - 76. What is the units digit of b?
0
Let d = 131 + -72. What is the units digit of d?
9
Suppose 0 = -4*p + 2 + 66. Let c = -12 + p. What is the units digit of c?
5
Let n = -262 + 452. What is the hundreds digit of n?
1
Let v(l) = 5 + 2*l + 3*l - 3*l - 3*l. What is the tens digit of v(-6)?
1
Let t(p) = p**2 + 7*p + 7. Let d be t(-8). Suppose d = 3*v + j, -4*v + 3*v + 5*j + 21 = 0. What is the units digit of v?
6
Let t = 8 + -8. Suppose i + 0*i - 10 = t. What is the tens digit of i?
1
Let h(b) = -b**3 + 13*b**2 + 21*b - 24. What is the units digit of h(14)?
4
Suppose -4*x + 12 = -4. Suppose 0 = -4*r - x*v + 16, -4*r + 9*r + 4*v = 20. Suppose -3*m - 5*k = -20 + 8, 2*m + r*k = 8. What is the units digit of m?
4
Let g = -24 + 9. Let z = g + 58. What is the tens digit of z?
4
Let b = -10 - -9. What is the units digit of 1 + 7 - (2 + b)?
7
Suppose -4*f + 5 + 7 = 0. Let b be -1 + 1/f*3. What is the units digit of 24/20*(b - -5)?
6
Let n(h) = -9*h. Let k(m) = m. Let i(c) = c - 14. Let l be i(10). Let y(b) = l*k(b) - n(b). What is the units digit of y(1)?
5
Suppose 1 = -n + 6. Suppose n*d + 4 = 234. What is the units digit of d?
6
What is the tens digit of (-142911)/(-469) - ((-9)/7 + 1)?
0
Suppose 0 = -5*p + 107 + 3. What is the units digit of p?
2
Suppose 0 + 6 = 3*l. Suppose 4 = -l*t - 3*n, -t + 1 - 3 = -5*n. What is the units digit of 0 - ((0 - -1) + t)?
1
Suppose 5*h - 3*l - 19 - 5 = 0, -4*h + 18 = -3*l. Suppose 2*t + 56 = h*t. What is the tens digit of t?
1
Let u(n) = n - 1. Let z be u(13). Let y(o) = -3*o**2. Let b be y(-1). Let c = z + b. What is the units digit of c?
9
Suppose -5*z + 355 = -3*f, 3*f = 2*z + 2*z - 281. What is the units digit of z?
4
Let n be ((-64)/8)/(1/1). Let m = n + 10. What is the units digit of m?
2
Let j(t) = -t - 7. Let i be j(-8). What is the units digit of 26/i + 2/(-1)?
4
Let m(u) = u**3 - 4*u**2 - 2*u - 4. Let c be m(5). Suppose 0 = c*s - 15*s + 8. What is the units digit of s?
2
Let q(t) = t + 7. Let m be q(-5). Suppose 0*z - 3*z = m*k - 11, z = -k + 3. Suppose -y = 4*y - 5*h - 40, h - z = 0. What is the tens digit of y?
1
Suppose -2*z + 10 = 0, -2*z + 3 = -n - 0*z. Suppose -n + 15 = 2*d - 2*v, -4*d + 8 = 4*v. What is the units digit of d?
3
Suppose 0 = -3*s - 2*y + 218, 4*y + 174 = 3*s - 74. Suppose -52 - s = -4*q. Let m = q + -23. What is the units digit of m?
9
Let q(u) = u**3 - 26*u**2 + 3*u + 59. What is the tens digit of q(26)?
3
Let g be 3*(-2 + 10/6). Let d(t) be the third derivative of -t**6/60 - t**5/60 - t**4/24 - t**3/6 - t**2. What is the units digit of d(g)?
1
Let r = -6 - -4. Let v be 5/r - 2/4. What is the tens digit of (-3 + -24)/v - -3?
1
Suppose 3*g - 5 = 4. Suppose -3*i - i - g*t + 13 = 0, 5*i + 2*t = 25. What is the units digit of i?
7
Let x = -4 + 9. Let w(g) = g**3 - 5*g**2 - 3*g + 6. Let y be w(x). What is the units digit of (-122)/(-18) + (-2)/y?
7
Let s(o) = 19*o**2 + o + 1. What is the units digit of s(1)?
1
Suppose -5*p = -x - 15, 0*p - x = -2*p + 9. What is the tens digit of (-124)/(-7) - p/(-7)?
1
Suppose 3*c = 4*v + 64, -c = -2*v - 3*v - 25. Suppose -4*z + c = z. What is the units digit of z?
4
Suppose -76 = -3*c - 4*p, p + 1 = -4. Let z = -22 + c. What is the units digit of z?
0
Let l(q) = -81*q**3 - 2*q - 1. What is the tens digit of l(-1)?
8
Suppose -3*g + 58 = c - 0*c, -5*g + 4*c = -108. What is the units digit of 2/(-10) - (-144)/g?
7
What is the tens digit of (-4 + (-88)/20)/((-3)/20)?
5
Let d = 133 - 79. What is the tens digit of d?
5
Let q = -15 - -39. What is the tens digit of q?
2
Let n(t) = -2*t. Let h = -5 + 4. Let g(r) = r + 1. Let a(l) = h*g(l) + n(l). What is the units digit of a(-3)?
8
Suppose -7 = 8*a - 39. What is the units digit of a?
4
Let c = -8 + 11. Suppose q + c*b = 8, 3 = -0*q + q - 2*b. What is the units digit of q?
5
Let t be ((-4)/3)/((-5)/30). Let i be (9/(-6))/(3/t). What is the units digit of (i/6)/((-4)/66)?
1
Let p = -7 - -11. Suppose 0 = q - 4, o - 2*o - p*q + 38 = 0. What is the tens digit of o?
2
Suppose 3*b - 1 + 11 = -4*q, 0 = 2*b + 3*q + 8. Suppose 4*g - 2*c - 21 = -g, 0 = 5*c - 10. Let r = g - b. What is the units digit of r?
3
Let i be (-2)/9 - (-145)/45. Suppose b + 3*x = -i*b + 42, 0 = -x - 2. Let c = b - 1. What is the units digit of c?
1
Let f = 68 - 36. Let w = -16 + 24. Suppose 2*u - 4*u = 4*o - f, o = 2*u + w. What is the units digit of o?
8
Let v be ((-1)/2)/(6/(-648)). Let w = v - 33. What is the tens digit of w?
2
What is the units digit of 462/12 + 2/(-4)?
8
Let c = 10 + -5. Let u(n) = 2*n + 7 - n - c + 8. What is the units digit of u(-5)?
5
Let m(s) = -s - 15. Let d be m(0). What is the units digit of (16/10)/((-3)/d)?
8
Let v = 2 + -7. Let y(w) = -2*w + 2. What is the units digit of y(v)?
2
Suppose 3*z = -2*z + 45. What is the units digit of z?
9
Let q = 28 - -2. Suppose -3*p = -6*p + q. What is the units digit of (p/(-8))/((-1)/4)?
5
Suppose 0 = 7*z - 2*z - 10. Suppose -n - z = -3*n. What is the units digit of n?
1
Suppose 5*f + 72 = -3*z + 790, f = 5*z + 138. What is the hundreds digit of f?
1
Let n = 57 + -25. What is the tens digit of n?
3
What is the units digit of 3/(-2) - (-86)/4?
0
Let d be 2 - (-1 - (-3)/(-3)). Suppose d*b - 12 = 0, -5*k = -2*k - 2*b - 3. Suppose -2*r = -9 + k. What is the units digit of r?
3
Suppose 5*z - 4 = 2*l + 2, -2*z + 10 = 3*l. Let q be (-3)/(12/8) - -21. Suppose -l*t - 3 = -q. What is the units digit 